ist the prime factors of 406.
2, 7, 29
List the prime factors of 6335.
5, 7, 181
List the prime factors of 22056.
2, 3, 919
List the prime factors of 8322.
2, 3, 19, 73
What are the prime factors of 7175?
5, 7, 41
List the prime factors of 6128.
2, 383
List the prime factors of 1313.
13, 101
What are the prime factors of 20193?
3, 53, 127
List the prime factors of 127.
127
List the prime factors of 603.
3, 67
What are the prime factors of 3202?
2, 1601
List the prime factors of 85368.
2, 3, 3557
List the prime factors of 9020.
2, 5, 11, 41
List the prime factors of 533.
13, 41
What are the prime factors of 1937?
13, 149
List the prime factors of 5050.
2, 5, 101
List the prime factors of 1054.
2, 17, 31
List the prime factors of 3389.
3389
List the prime factors of 59974.
2, 157, 191
List the prime factors of 36432.
2, 3, 11, 23
What are the prime factors of 15986?
2, 7993
What are the prime factors of 1584?
2, 3, 11
List the prime factors of 166.
2, 83
What are the prime factors of 1513?
17, 89
List the prime factors of 21887.
43, 509
What are the prime factors of 1940?
2, 5, 97
List the prime factors of 8997.
3, 2999
List the prime factors of 133029.
3, 13, 379
What are the prime factors of 2592?
2, 3
What are the prime factors of 3308?
2, 827
List the prime factors of 47788.
2, 13, 919
List the prime factors of 749.
7, 107
List the prime factors of 7392.
2, 3, 7, 11
List the prime factors of 69782.
2, 23, 37, 41
List the prime factors of 303.
3, 101
What are the prime factors of 49459?
49459
What are the prime factors of 3505?
5, 701
What are the prime factors of 1389?
3, 463
What are the prime factors of 94?
2, 47
What are the prime factors of 3401?
19, 179
List the prime factors of 66081.
3, 22027
What are the prime factors of 8517?
3, 17, 167
What are the prime factors of 322?
2, 7, 23
What are the prime factors of 2163?
3, 7, 103
List the prime factors of 32522.
2, 7, 23, 101
What are the prime factors of 5555?
5, 11, 101
What are the prime factors of 63?
3, 7
What are the prime factors of 8166?
2, 3, 1361
List the prime factors of 7737.
3, 2579
What are the prime factors of 38965?
5, 7793
List the prime factors of 85756.
2, 11, 1949
List the prime factors of 2414.
2, 17, 71
List the prime factors of 686.
2, 7
List the prime factors of 7662.
2, 3, 1277
List the prime factors of 6409.
13, 17, 29
List the prime factors of 1964.
2, 491
List the prime factors of 3213.
3, 7, 17
List the prime factors of 20223.
3, 7, 107
What are the prime factors of 76287?
3, 59, 431
List the prime factors of 7100.
2, 5, 71
What are the prime factors of 13612?
2, 41, 83
What are the prime factors of 59825?
5, 2393
What are the prime factors of 36968?
2, 4621
What are the prime factors of 1326?
2, 3, 13, 17
List the prime factors of 143.
11, 13
List the prime factors of 264.
2, 3, 11
What are the prime factors of 1098?
2, 3, 61
List the prime factors of 1384.
2, 173
What are the prime factors of 8501?
8501
What are the prime factors of 2301?
3, 13, 59
What are the prime factors of 14237?
23, 619
List the prime factors of 3765.
3, 5, 251
What are the prime factors of 16978?
2, 13, 653
List the prime factors of 20485.
5, 17, 241
What are the prime factors of 851?
23, 37
What are the prime factors of 16387?
7, 2341
What are the prime factors of 16617?
3, 29, 191
List the prime factors of 284.
2, 71
What are the prime factors of 13515?
3, 5, 17, 53
List the prime factors of 4187.
53, 79
What are the prime factors of 3555?
3, 5, 79
List the prime factors of 4406.
2, 2203
What are the prime factors of 6042?
2, 3, 19, 53
What are the prime factors of 5104?
2, 11, 29
List the prime factors of 80146.
2, 11, 3643
What are the prime factors of 16188?
2, 3, 19, 71
List the prime factors of 6096.
2, 3, 127
List the prime factors of 4766.
2, 2383
List the prime factors of 112786.
2, 56393
What are the prime factors of 32563?
32563
What are the prime factors of 78657?
3, 157, 167
List the prime factors of 6970.
2, 5, 17, 41
List the prime factors of 1886.
2, 23, 41
List the prime factors of 2764.
2, 691
List the prime factors of 28299.
3, 9433
What are the prime factors of 12866?
2, 7, 919
What are the prime factors of 375?
3, 5
List the prime factors of 9787.
9787
What are the prime factors of 1387?
19, 73
What are the prime factors of 32683?
7, 23, 29
List the prime factors of 586.
2, 293
What are the prime factors of 364?
2, 7, 13
What are the prime factors of 718?
2, 359
What are the prime factors of 8528?
2, 13, 41
List the prime factors of 13215.
3, 5, 881
List the prime factors of 1826.
2, 11, 83
What are the prime factors of 1439?
1439
What are the prime factors of 45917?
17, 37, 73
What are the prime factors of 56247?
3, 18749
What are the prime factors of 6263?
6263
What are the prime factors of 7320?
2, 3, 5, 61
List the prime factors of 5374.
2, 2687
What are the prime factors of 7903?
7, 1129
List the prime factors of 18707.
13, 1439
List the prime factors of 644.
2, 7, 23
List the prime factors of 1167.
3, 389
What are the prime factors of 40044?
2, 3, 47, 71
What are the prime factors of 1041?
3, 347
What are the prime factors of 1173?
3, 17, 23
What are the prime factors of 52418?
2, 26209
List the prime factors of 2067.
3, 13, 53
What are the prime factors of 830?
2, 5, 83
List the prime factors of 17674.
2, 8837
What are the prime factors of 7009?
43, 163
What are the prime factors of 7119?
3, 7, 113
List the prime factors of 35762.
2, 17881
What are the prime factors of 8411?
13, 647
List the prime factors of 2701.
37, 73
List the prime factors of 60301.
47, 1283
What are the prime factors of 1032?
2, 3, 43
List the prime factors of 4652.
2, 1163
List the prime factors of 38131.
17, 2243
List the prime factors of 5439.
3, 7, 37
List the prime factors of 2896.
2, 181
List the prime factors of 11610.
2, 3, 5, 43
What are the prime factors of 27693?
3, 17, 181
List the prime factors of 8318.
2, 4159
What are the prime factors of 31573?
31573
What are the prime factors of 5461?
43, 127
List the prime factors of 953.
953
What are the prime factors of 12128?
2, 379
What are the prime factors of 3439?
19, 181
What are the prime factors of 7477?
7477
List the prime factors of 1369.
37
What are the prime factors of 5927?
5927
What are the prime factors of 25312?
2, 7, 113
What are the prime factors of 57558?
2, 3, 53, 181
What are the prime factors of 95343?
3, 61, 521
List the prime factors of 2329.
17, 137
List the prime factors of 3722.
2, 1861
List the prime factors of 1148.
2, 7, 41
What are the prime factors of 5866?
2, 7, 419
What are the prime factors of 953?
953
List the prime factors of 878.
2, 439
What are the prime factors of 192?
2, 3
What are the prime factors of 12288?
2, 3
What are the prime factors of 234?
2, 3, 13
What are the prime factors of 13520?
2, 5, 13
List the prime factors of 8329.
8329
List the prime factors of 5809.
37, 157
What are the prime factors of 29048?
2, 3631
List the prime factors of 2467.
2467
List the prime factors of 1241.
17, 73
List the prime factors of 75948.
2, 3, 6329
What are the prime factors of 1380?
2, 3, 5, 23
What are the prime factors of 77266?
2, 7, 5519
What are the prime factors of 26689?
13, 2053
List the prime factors of 756.
2, 3, 7
List the prime factors of 11019.
3, 3673
What are the prime factors of 4649?
4649
What are the prime factors of 13375?
5, 107
What are the prime factors of 1641?
3, 547
What are the prime factors of 23508?
2, 3, 653
List the prime factors of 10801.
7, 1543
List the prime factors of 1535.
5, 307
What are the prime factors of 12278?
2, 7, 877
List the prime factors of 75654.
2, 3, 467
What are the prime factors of 5511?
3, 11, 167
List the prime factors of 4727.
29, 163
What are the prime factors of 528?
2, 3, 11
What are the prime factors of 283?
283
List the prime factors of 339.
3, 113
What are the prime factors of 10399?
10399
List the prime factors of 1433.
1433
List the prime factors of 1122.
2, 3, 11, 17
What are the prime factors of 2502?
2, 3, 139
List the prime factors of 2497.
11, 227
List the prime factors of 467.
467
What are the prime factors of 41095?
5, 8219
List the prime factors of 143.
11, 13
List the prime factors of 6643.
7, 13, 73
What are the prime fac